alculate the greatest common divisor of d and 161.
23
Suppose 72 = 4*c - 5*l, 5*l + 15 + 21 = 2*c. Suppose 0 = -4*a + 1 + 19. Suppose -5*f - 4*p = -33, a*p = -16 + 1. What is the greatest common divisor of f and c?
9
Let j be ((-12)/(-6))/(6/399). What is the highest common divisor of j and 19?
19
Let o = -13 - -21. What is the greatest common divisor of o and 32?
8
Suppose y + 2*z - 32 = -2*z, 5*y + 3*z - 143 = 0. What is the highest common divisor of y and 140?
28
Let u(c) = -c + 14. Suppose x + 3*h = 30, -3*x + 20 = -h - 4*h. Let r = x - 2. Let d be u(r). What is the greatest common divisor of 11 and d?
1
Let p(v) = -v**3 + 8*v**2 - 6*v + 2. Let s be p(7). Calculate the greatest common factor of 27 and s.
9
Suppose 0 = a - 13 - 13. What is the greatest common factor of 26 and a?
26
Suppose -5*a + w = -588, 4*w - 360 + 21 = -3*a. Let h(g) = -g + 13. Let m be h(0). Calculate the greatest common factor of a and m.
13
Let i(a) = 36*a. Let p be i(1). Let w be 1*-3 + 279/3. What is the greatest common factor of p and w?
18
Let q(t) = -t**3 + 14*t**2 - 12*t - 8. Let y(o) = 2*o**2 + o. Let w be y(2). Let i be q(w). What is the highest common factor of 34 and i?
34
Let z = 205 + 101. What is the highest common factor of 34 and z?
34
Let w = -51 - -103. Suppose 1605 = 3*k + 2*k. Let g = k + -191. Calculate the greatest common divisor of g and w.
26
Let t(c) = 10*c + 2. Let i be t(1). Let a(u) = -u**2 - 6*u - 2. Let r be a(-4). Calculate the highest common factor of i and r.
6
Suppose -3*s = -4*f + 54, -4*f + 3 + 65 = 4*s. Calculate the highest common divisor of f and 10.
5
Let o be (-1)/(-1) - 1 - -4. Let a be (-1)/o - 3/(-12). Suppose -2*w = w - 3*r - 75, 2*w + r - 44 = a. Calculate the highest common divisor of 69 and w.
23
Let h(f) = f + 13. Let m(d) = -d**3 - 4*d**2 + 5*d - 7. Let s be m(-5). Let g be h(s). Calculate the highest common divisor of g and 12.
6
Suppose 0 = -4*v - 5*l + 62, -4*l - 2 - 3 = -v. Let w = v - 9. Calculate the greatest common divisor of 24 and w.
4
Let b = 146 - 80. Let n(h) = -h**2 + 7*h. Let d be n(6). What is the greatest common factor of b and d?
6
Suppose 27 = 3*j - 0*j. Let u = -266 - -122. Let g = u - -207. What is the greatest common divisor of g and j?
9
Suppose l - 1 = -4. Let j(m) = -27*m - 1. Let h be j(l). What is the greatest common factor of h and 16?
16
Let z(p) be the second derivative of -p**5/20 - p**4/6 + p**3/2 + 2*p**2 + 2*p. Let u = -10 - -6. Let v be z(u). What is the greatest common divisor of 8 and v?
8
Let b(j) = -11*j**3 + 4*j**2 + 3*j + 1. Let t be b(-2). What is the greatest common factor of t and 9?
9
Let j(t) = t. Let r be j(3). Suppose 0 = r*d + 4*d - 112. What is the highest common factor of d and 112?
16
Suppose -19*i + 9*i = -430. Calculate the highest common factor of 344 and i.
43
Suppose 215 + 1 = 12*a. What is the greatest common divisor of a and 2?
2
Let a be (-2)/(-4)*(-4 + 40). Suppose -2*t + a = -0. Suppose 3*l = 84 + 159. Calculate the greatest common divisor of t and l.
9
Suppose -x = 3*w - 2*w - 5, -2*x - 25 = -5*w. What is the greatest common factor of 25 and w?
5
Let v(r) = -r**3 - r + 19. Let x be v(0). Let l = 77 - -18. Calculate the highest common factor of l and x.
19
Suppose -2*t + 0*t = -68. Let g = t - 20. Calculate the highest common divisor of 154 and g.
14
Suppose -5*m + 13 = 2*t, -2*m + 6*t = t + 18. Suppose -h = -17 - m. What is the greatest common factor of 45 and h?
9
Suppose 3*c = 2*i + 94 - 242, 2*i - 160 = -3*c. Let f = 20 + -9. Calculate the highest common factor of i and f.
11
Let b be ((-2)/3 + 4/(-48))*-28. What is the greatest common factor of b and 42?
21
Let a be (-28)/(12/(-10) + 1). Let h(x) = x**2 - 2. Let r be h(-4). What is the greatest common divisor of a and r?
14
Let l be ((-15)/(-10))/((-2)/(-8)). Calculate the greatest common divisor of 9 and l.
3
Suppose -3*n - 3*d = 12, -2*d = 5*n - 1 + 6. Let j be 0/n*(-3)/6. Suppose -4*w = -u + 20, -1 = -2*u - 5*w - j. Calculate the greatest common factor of u and 40.
8
Let d be 3/(-8) + 7319/104. Calculate the greatest common factor of 42 and d.
14
Suppose 6 = 2*d - 2. Suppose -x = d*x - 5, -y + 4*x = -2. Let s = 10 - y. Calculate the greatest common factor of s and 28.
4
Let x = -90 - -288. What is the greatest common factor of x and 22?
22
Let d = 233 + -158. What is the greatest common factor of d and 60?
15
Suppose 0 = -0*g - 2*g + j + 33, 9 = g + j. Suppose -387 = -8*d + 397. What is the highest common divisor of d and g?
14
Let l(d) = d**2 + 6*d - 1. Let z be l(4). What is the greatest common divisor of 91 and z?
13
Let h be (1 + -4)*(2 + -4). Suppose 2*c - h*c = -44. Calculate the greatest common divisor of c and 88.
11
Suppose -3*f + 66 = -4*t - 8*f, 3*t + f + 55 = 0. Let l = -8 - t. What is the greatest common factor of l and 44?
11
Let b(z) = -z**3 - 19*z**2 + 18*z + 15. Let j be b(-20). Calculate the highest common divisor of 5 and j.
5
Suppose -5*z + 3*p = -535, 2*z + 3*p = 4*z - 205. Calculate the highest common divisor of z and 10.
10
Suppose 0 = -4*g + 5*b + 218, b + 4*b = -4*g + 198. What is the greatest common factor of 26 and g?
26
Let q = 11 + 0. Let r = q - 5. What is the greatest common divisor of 6 and r?
6
Let i be (-2 - -13)/(-1 + 2). Suppose -98 = -2*z - 32. Calculate the greatest common factor of z and i.
11
Let v(r) = r**3 - 9*r**2 + 5*r - 24. Let c be v(9). What is the highest common divisor of 105 and c?
21
Let a be 0 + 2 + 1 + 5. Suppose -3*p + 7 = -a. Suppose c - 38 = -2*c + p*g, 4*c - 3*g - 36 = 0. What is the highest common factor of c and 6?
6
Let j be ((-30)/25)/(6/(-20)). Suppose j*o = 4*h + 1280 - 396, -218 = -o + 2*h. Calculate the greatest common divisor of 28 and o.
28
Let h be (-51)/(-1 - (-4)/(-8)). What is the highest common factor of h and 17?
17
Let g = -6 + 11. Suppose -3*y = g*u - y + 10, y + 5 = -u. Suppose x - 9 = -u*x. What is the highest common divisor of 36 and x?
9
Let t = -5 - -10. Calculate the highest common factor of t and 5.
5
Let q be 26*((-10)/(-4) - 1). Let g(p) = -7*p + 5. Let t be g(-3). What is the highest common factor of t and q?
13
Let p(l) = -l + 6. Let w(t) = -3*t + 11. Let j(g) = -10*p(g) + 4*w(g). Let h be j(-14). Calculate the greatest common divisor of 36 and h.
12
Let h be (-58)/(-3) - 40/30. What is the highest common factor of 45 and h?
9
Let c(m) = -m + 12. Let t be c(-8). Calculate the highest common factor of 180 and t.
20
Let f(k) = 2*k**2 + 31. Let x be f(-12). Calculate the highest common factor of 29 and x.
29
Let v = 3 + -1. Suppose g = -g + v. Calculate the greatest common divisor of 5 and g.
1
Let n = -25 - -43. Calculate the greatest common divisor of 90 and n.
18
Let k be 616/(-35)*(-5 - 0). Suppose -2*c = 2*c - k. Let f = c - 6. Calculate the greatest common factor of 128 and f.
16
Let z(p) = 60*p + 4. Let c be 2/6 + (-8)/(-3). Let h be z(c). Let a be h/10 + (-6)/15. What is the greatest common divisor of a and 6?
6
Suppose 2*u = -2*r - 2*u + 6, 4*r - 5*u - 77 = 0. What is the greatest common divisor of r and 91?
13
Let h = -35 - -53. Let t(w) = 36*w**2. Let c be t(2). What is the highest common factor of h and c?
18
Suppose -3*c = -h - 241, 3*c - 5*h - 235 = -h. What is the greatest common divisor of c and 27?
27
Let u be -2 + 0 + (0 - -1). Let d be u/((1 + 2)/(-3)). Let i be 51/(d + 3/6). What is the greatest common factor of i and 51?
17
Let t be (196/(-35))/(2/(-5)). Calculate the highest common factor of t and 70.
14
Let g be (7/2 - 3)*2. Let z(m) = 93*m + 1. Let l be z(g). Suppose -50 = -2*x - 5*u + 2*u, 0 = -4*x - 3*u + l. What is the highest common factor of x and 44?
22
Suppose 0 = -4*z - 2*z + 120. Calculate the greatest common divisor of 180 and z.
20
Suppose -4*i - i + 15 = 0. Suppose i*b - 2*b = -9. Let p = b + 25. Calculate the highest common factor of p and 2.
2
Suppose 3*c + 10 - 1 = 0. Let a be 275/5 - 1*c. Suppose l = 2*w - 0*l - a, w + 5*l = 40. What is the highest common factor of 12 and w?
6
Suppose 0*f - 3*f + 30 = 0. Let d(w) = -w**2 + 16*w - 10. Let z be d(f). What is the greatest common divisor of z and 20?
10
Let q = -3 + 7. Suppose q*m = 9 + 3. Calculate the greatest common divisor of m and 21.
3
Let r be (-1)/2 - 2/(-4). Let q = r + 5. Suppose -34 = -2*n + 6. What is the greatest com